1 a prime number?
True
Is 26927991227 a composite number?
False
Is 46116852311 a composite number?
True
Is 54061807307 prime?
True
Is 5797625671 composite?
True
Is 6414644569 a composite number?
False
Is 54709703661 prime?
False
Is 353088507 a prime number?
False
Is 1176492307 composite?
True
Is 9582071 a composite number?
True
Is 2829363263 a prime number?
False
Is 7266993431 a prime number?
False
Is 40217300878 a composite number?
True
Is 5368262177 a composite number?
True
Is 10730359201 prime?
True
Is 81201139 prime?
True
Is 59858291611 prime?
True
Is 204772067 a prime number?
False
Is 564775531 composite?
True
Is 957853361 composite?
False
Is 4356081134 a composite number?
True
Is 3357228131 a composite number?
True
Is 4701840953 a composite number?
False
Is 792859729 composite?
True
Is 54654407 a composite number?
True
Is 802191667 a prime number?
True
Is 43260782401 a composite number?
True
Is 3143408537 prime?
True
Is 65083768361 a prime number?
True
Is 1740515141 prime?
False
Is 5503065743 prime?
False
Is 54678083417 a composite number?
False
Is 485702729 prime?
True
Is 20569436351 a composite number?
False
Is 141547281851 a composite number?
True
Is 1459215677 a prime number?
True
Is 4340123503 prime?
True
Is 46205227571 prime?
False
Is 23582856847 a prime number?
False
Is 53985702677 a prime number?
False
Is 13917845671 prime?
False
Is 34871736313 a composite number?
True
Is 11658610283 composite?
False
Is 53276313733 a composite number?
True
Is 645513107 composite?
False
Is 1084275823 prime?
True
Is 69796657 a composite number?
True
Is 403413269 prime?
False
Is 23531957167 a composite number?
False
Is 929978677 a composite number?
False
Is 36025115773 a composite number?
False
Is 1465086889 a composite number?
True
Is 1465199301 a prime number?
False
Is 6540414533 a composite number?
True
Is 22068959219 prime?
False
Is 17796064823 prime?
True
Is 676313153 a composite number?
True
Is 1670916101 a prime number?
False
Is 21792611989 composite?
False
Is 665785591 a prime number?
False
Is 30176004619 a composite number?
False
Is 790995551 prime?
True
Is 206845589 a composite number?
False
Is 5577245071 a composite number?
True
Is 1343124929 a composite number?
False
Is 18900443669 a composite number?
True
Is 525068521 composite?
False
Is 1721858951 a composite number?
False
Is 1248123521 a prime number?
True
Is 13867878389 a prime number?
True
Is 1646812091 a prime number?
False
Is 1154535919 a prime number?
False
Is 10327164077 a composite number?
True
Is 43491758269 prime?
True
Is 2164714577 a prime number?
True
Is 9119419777 a composite number?
True
Is 39700226719 a composite number?
False
Is 6314500222 a prime number?
False
Is 689408717 a prime number?
False
Is 36294643757 composite?
True
Is 155363543459 a composite number?
True
Is 571870097 a prime number?
True
Is 938606077 a prime number?
True
Is 314604263 a composite number?
False
Is 6344204419 a composite number?
True
Is 590269163 prime?
False
Is 1113613367 a prime number?
True
Is 2451609665 composite?
True
Is 14450541509 prime?
True
Is 1123537793 a composite number?
True
Is 219900477 a composite number?
True
Is 3232916803 a prime number?
True
Is 157442674087 prime?
True
Is 3201824701 composite?
True
Is 10957862621 composite?
False
Is 1703848501 composite?
True
Is 5669264701 a composite number?
False
Is 846445009 a prime number?
True
Is 1124060177 a prime number?
False
Is 320257173293 composite?
False
Is 532427039 a composite number?
False
Is 20593799329 a composite number?
True
Is 5542713101 prime?
False
Is 249428857 a composite number?
True
Is 63576479867 prime?
False
Is 4618829359 prime?
True
Is 3659557793 a composite number?
False
Is 271054651 a composite number?
True
Is 9572310043 prime?
True
Is 619083697 composite?
False
Is 2068667119 a prime number?
False
Is 2641791637 a prime number?
False
Is 1419438869 composite?
True
Is 2255859601 a prime number?
False
Is 516275381 composite?
True
Is 361901557 composite?
False
Is 65638073 composite?
False
Is 1548812521 a prime number?
True
Is 928151207 a prime number?
True
Is 323806915103 a composite number?
True
Is 80848451539 a prime number?
False
Is 9626097941 prime?
True
Is 2285816011 composite?
False
Is 809047787 prime?
False
Is 3977583331 prime?
True
Is 2964302437 prime?
False
Is 5488858849 prime?
False
Is 1668411566 a prime number?
False
Is 758878969 a prime number?
True
Is 2594325463 a composite number?
True
Is 54031164637 a prime number?
True
Is 291671113 a prime number?
False
Is 263835373 composite?
False
Is 13781460419 composite?
False
Is 633974429 prime?
False
Is 31237040103 a composite number?
True
Is 695519701 prime?
False
Is 8059905889 a composite number?
True
Is 683565131 a prime number?
False
Is 9570166613 prime?
False
Is 133882328963 composite?
True
Is 128718838439 a prime number?
True
Is 40115310457 prime?
False
Is 35682865219 composite?
False
Is 8079722881 a prime number?
False
Is 1630686367 a prime number?
True
Is 207133801997 a composite number?
False
Is 2422146983 composite?
True
Is 24191779193 prime?
True
Is 4500794687 a composite number?
False
Is 431014799 composite?
True
Is 1877196623 composite?
False
Is 8185724123 a prime number?
True
Is 3819232489 a prime number?
True
Is 11375842381 prime?
True
Is 538686067 composite?
True
Is 2531567513 a prime number?
True
Is 4620896065 composite?
True
Is 20196927577 prime?
True
Is 703669955 a prime number?
False
Is 2235071029 a prime number?
False
Is 408296883 composite?
True
Is 508410337 composite?
True
Is 85338593 prime?
False
Is 10939271081 a prime number?
True
Is 2208955493 prime?
True
Is 19748111 a prime number?
False
Is 14342985379 composite?
False
Is 112848117 composite?
True
Is 1288123483 a composite number?
True
Is 719383843 a composite number?
True
Is 39478163207 composite?
True
Is 641842231 composite?
False
Is 115080846241 prime?
True
Is 99342571 composite?
False
Is 28760717 composite?
False
Is 1920483527 prime?
True
Is 17380605491 a prime number?
False
Is 13698137527 a composite number?
False
Is 4456311913 composite?
False
Is 3048790655 prime?
False
Is 72552899821 composite?
False
Is 27192080549 a prime number?
False
Is 177395215 a composite number?
True
Is 1817117791 a composite number?
False
Is 4599961463 prime?
False
Is 13579930183 composite?
True
Is 10010918461 prime?
True
Is 595543319 a prime number?
False
Is 9000655061 a prime number?
True
Is 563936063 composite?
True
Is 51063116459 a prime number?
False
Is 27463117853 composite?
False
Is 69971835649 composite?
False
Is 343989251 prime?
False
Is 5224721111 a prime number?
True
Is 3701737543 a prime number?
False
Is 52394247013 prime?
True
Is 295416811 prime?
False
Is 15082764269 a prime number?
True
Is 11891513761 a composite number?
True
Is 33488637757 a composite number?
False
Is 22641738997 a composite number?
False
Is 58592819 a composite number?
False
Is 42278863 a prime number?
False
Is 5469025061 a composite number?
False
Is 423335381 prime?
False
Is 574996787 a prime number?
False
Is 125051035861 prime?
False
Is 555631669 a prime number?
True
Is 110774803 composite?
True
Is 3021635633 a prime number?
False
Is 78980985749 a prime number?
True
Is 650523849 composite?
True
Is 1075215889 a prime number?
False
Is 43567962373 a composite number?
True
Is 48175960613 a prime number?
False
Is 5669374607 a composite number?
True
Is 691347817 prime?
False
Is 914434363 prime?
False
Is 125554694 prime?
False
Is 210291177263 a composite number?
True
Is 19143327227 a composite number?
False
Is 1180926211 prime?
False
Is 189853163 a composite number?
True
Is 204685426301 prime?
True
Is 235882693 a prime number?
False
Is 2401712407 a prime number?
False
Is 735980809 a composite number?
True
Is 114970065869 a prime number?
False
Is 86560318841 prime?
False
Is 680606761 a composite number?
True
Is 42907036439 a prime number?
False
Is 13359948541 a prime number?
True
Is 4460430757 a prime number?
True
Is 1629297281 composite?
True
Is 26468678149 a composite number?
False
Is 5090951141 a composite number?
False
Is 2279428583 prime?
True
Is 273315636889 a prime number?
False
Is 1650818497 a composite number?
True
Is 226442407 composite?
False
Is 81495427613 a prime number?
False
Is 4192800569 composite?
True
Is 26